{"id":496,"date":"2023-05-08T01:05:53","date_gmt":"2023-05-08T01:05:53","guid":{"rendered":"https:\/\/jaimezarate.com\/?page_id=496"},"modified":"2023-05-29T04:22:37","modified_gmt":"2023-05-29T04:22:37","slug":"la-leyenda-de-la-matlalzihuat","status":"publish","type":"page","link":"https:\/\/jaimezarate.com\/index.php\/la-leyenda-de-la-matlalzihuat\/","title":{"rendered":"LA LEYENDA DE LA MATLALZIHUAT"},"content":{"rendered":"\t\t<div data-elementor-type=\"wp-page\" data-elementor-id=\"496\" class=\"elementor elementor-496\">\n\t\t\t\t\t\t<section class=\"elementor-section elementor-top-section elementor-element elementor-element-4d8d6d2b elementor-section-boxed elementor-section-height-default elementor-section-height-default jltma-glass-effect-no\" data-id=\"4d8d6d2b\" data-element_type=\"section\">\n\t\t\t\t\t\t<div class=\"elementor-container elementor-column-gap-default\">\n\t\t\t\t\t<div class=\"elementor-column elementor-col-100 elementor-top-column elementor-element elementor-element-4896b497 jltma-glass-effect-no\" data-id=\"4896b497\" data-element_type=\"column\">\n\t\t\t<div class=\"elementor-widget-wrap elementor-element-populated\">\n\t\t\t\t\t\t<div class=\"elementor-element elementor-element-485c621d jltma-glass-effect-no elementor-widget elementor-widget-heading\" data-id=\"485c621d\" data-element_type=\"widget\" data-widget_type=\"heading.default\">\n\t\t\t\t<div class=\"elementor-widget-container\">\n\t\t\t\t\t<h4 class=\"elementor-heading-title elementor-size-default\">LA LEYENDA DE LA MATLALZIHUATL<\/h4>\t\t\t\t<\/div>\n\t\t\t\t<\/div>\n\t\t\t\t\t<\/div>\n\t\t<\/div>\n\t\t\t\t\t<\/div>\n\t\t<\/section>\n\t\t\t\t<section class=\"elementor-section elementor-top-section elementor-element elementor-element-d162970 elementor-section-content-middle elementor-section-boxed elementor-section-height-default elementor-section-height-default jltma-glass-effect-no\" data-id=\"d162970\" data-element_type=\"section\">\n\t\t\t\t\t\t<div class=\"elementor-container elementor-column-gap-no\">\n\t\t\t\t\t<div class=\"elementor-column elementor-col-100 elementor-top-column elementor-element elementor-element-7b8565b6 jltma-glass-effect-no\" data-id=\"7b8565b6\" data-element_type=\"column\">\n\t\t\t<div class=\"elementor-widget-wrap elementor-element-populated\">\n\t\t\t\t\t\t<div class=\"elementor-element elementor-element-597db330 jltma-glass-effect-no elementor-widget elementor-widget-image\" data-id=\"597db330\" data-element_type=\"widget\" data-widget_type=\"image.default\">\n\t\t\t\t<div class=\"elementor-widget-container\">\n\t\t\t\t\t\t\t\t\t\t\t\t\t\t\t<img decoding=\"async\" src=\"http:\/\/jaimezarate.com\/wp-content\/uploads\/2023\/04\/big6.jpg\" title=\"\" alt=\"\" loading=\"lazy\" \/>\t\t\t\t\t\t\t\t\t\t\t\t\t\t\t<\/div>\n\t\t\t\t<\/div>\n\t\t\t\t\t<\/div>\n\t\t<\/div>\n\t\t\t\t\t<\/div>\n\t\t<\/section>\n\t\t\t\t<section class=\"elementor-section elementor-top-section elementor-element elementor-element-51cb9c7c elementor-section-boxed elementor-section-height-default elementor-section-height-default jltma-glass-effect-no\" data-id=\"51cb9c7c\" data-element_type=\"section\">\n\t\t\t\t\t\t<div class=\"elementor-container elementor-column-gap-default\">\n\t\t\t\t\t<div class=\"elementor-column elementor-col-100 elementor-top-column elementor-element elementor-element-1812e804 jltma-glass-effect-no\" data-id=\"1812e804\" data-element_type=\"column\">\n\t\t\t<div class=\"elementor-widget-wrap elementor-element-populated\">\n\t\t\t\t\t\t<div class=\"elementor-element elementor-element-503f6983 jltma-glass-effect-no elementor-widget elementor-widget-text-editor\" data-id=\"503f6983\" data-element_type=\"widget\" data-widget_type=\"text-editor.default\">\n\t\t\t\t<div class=\"elementor-widget-container\">\n\t\t\t\t\t\t\t\t\t<p><b>(Cuento fant\u00e1stico)<\/b><\/p><p><span style=\"font-weight: 400;\">Cuentan aqu\u00ed en el pueblo que una hermosa mujer lleg\u00f3 a Huamelula, vino detr\u00e1s de un apuesto joven nativo de este legendario lugar, pretendi\u00f3 hacerlo cautivo con su embriagadora belleza, despu\u00e9s de poseerlo, lo hizo que perdiera su voluntad para llevarlo hacia su mundo como ha sucedido en todas las versiones de estas apasionantes leyendas de la <\/span><i><span style=\"font-weight: 400;\">matlalzihuatl<\/span><\/i><span style=\"font-weight: 400;\"> que se cuenta en todo M\u00e9xico en el que el bar\u00f3n queda \u201cencantado\u201d para despu\u00e9s robarle el alma.<\/span><\/p><p><span style=\"font-weight: 400;\">El joven apuesto que de quien se habla en este tema, relatan que era el hijo de un hechicero que muri\u00f3 hace a\u00f1os en el pueblo. Este brujo ten\u00eda m\u00e1s poderes que los otros que hab\u00eda en toda la regi\u00f3n, dicen; que llegaban al pueblo de San Pedro Huamelula las personas que ven\u00edan de muy lejos para curarse con yerbas que el sabio brujo, sab\u00eda combinarlo muy bien este con el esoterismo, esas cosas de amplios conocimientos y pr\u00e1cticas relacionadas con la magia negra, la alquimia, la astrolog\u00eda y materias semejantes, que no se basan en la experimentaci\u00f3n cient\u00edfica, lo buscaban para que les hiciera trabajos de maldad, generalmente para que una persona enfermara, para le fuera muy mal en todo y para que muriera. Se habla que aqu\u00ed justo en donde se inicia la historia de esta narrativa, que ten\u00eda el viejo \u201cmentado\u201d (brujo) una \u201cmesa<\/span><b>\u201d (<\/b><b><i>altar de ceremonias rituales de petici\u00f3n y pedimento<\/i><\/b><b>), <\/b><span style=\"font-weight: 400;\">un lugar demoniaco en donde se transformaba en animal, en nagual, en aire, viento, lluvia, fuego y m\u00e1s elementos sagrados de la naturaleza o tambi\u00e9n se convert\u00eda en cosas, en objetos, para vencer a sus rivales quienes tambi\u00e9n le compet\u00edan para defender a sus \u201cclientes\u201d. El personaje de grandes poderes, el padre del apuesto joven, lo encontraron muerto en donde estaba haciendo su ceremonia ritual, un sitio dentro del monte cerca del pante\u00f3n municipal, ah\u00ed; ten\u00eda sembradas y alineados en forma circular muchas velitas de cebo, hab\u00eda tambi\u00e9n semienterrados muchos huevos de gallina negra, flores de cordoncillo que aqu\u00ed se tiene la creencia que estas flores son el alimento, la tortilla de los difuntos, hab\u00eda en el lugar un adorno de flores de corpus, esas flores que<\/span> <span style=\"font-weight: 400;\">les cuelgan en el pescuezo a los pol\u00edticos, a las personas importantes en nuestros pueblos para recibirlos y darles la bienvenida. Al brujo, lo hallaron con el cuerpo desmembrado, cuentan que seguramente quien lo asesin\u00f3 fue alguien que se dio cuenta de la maldad que estaban \u201ctrabajando\u201d para hacerle da\u00f1o, entonces fue a buscarlo y lo sorprendi\u00f3 infraganti justo en el momento del ritual. Cuenta la gente de aqu\u00ed que muri\u00f3 el nagual pero dej\u00f3 su gran poder sat\u00e1nico para cuidar a su querido hijo, por eso el apuesto joven pose\u00eda ese magnetismo con las mujeres y, esa magia de manejar a su antojo las emociones de otros sin sufrir ning\u00fan da\u00f1o, un esp\u00edritu que le dej\u00f3 su padre para protegerlo en toda su vida.<\/span><\/p><p><span style=\"font-weight: 400;\">Era la matlalzihuatl, una mujer exuberante, hermos\u00edsima, los que alguna vez la vieron, cuentan que ten\u00eda el pelo muy largo y muy hermoso, de color negro azabache, su rostro era igual a la de la novia del mozo chontal, el hijo del brujo, la matlalzihuatl le apareci\u00f3 como siempre lo hace utilizando la antigua y efectiva forma de enga\u00f1ar a los apuestos varones.<\/span><\/p><p><span style=\"font-weight: 400;\">\u00c9l joven un d\u00eda declar\u00f3 que cuando ven\u00eda con rumbo a este su pueblo, la levant\u00f3 en el punto denominado el boquer\u00f3n que est\u00e1 situado en el camino de la carretera federal hacia este pueblo, la hermosa mujer le pidi\u00f3 un avent\u00f3n y el joven par\u00f3 su coche y la subi\u00f3 sin imaginar que era la perversa y demon\u00edaca matlalzihuatl. Muchas veces hemos escuchado que ah\u00ed en ese sitio, siempre ha habido apariciones tanto del \u201camigo\u201d (demonio) y como la de la matlalzihuatl.<\/span><\/p><p><span style=\"font-weight: 400;\">En todas las versiones de esta leyenda siempre se escucha que el hombre es quien sigue a esta mujer, pero en esta ocasi\u00f3n sucedi\u00f3 lo contrario, tal vez porque el apuesto muchacho pose\u00eda aparte de galanura, tambi\u00e9n un especial encanto, al del esp\u00edritu poderoso que le dejo su padre para que lo cuidara.<\/span><\/p><p><span style=\"font-weight: 400;\">Dicen que por todo el camino rumbo al pueblo, el joven, no le hizo ninguna platica a la muchacha que subi\u00f3 al auto, llegaron hasta la casa del muchacho y ella estaba muy inquieta, muy desesperada porque el mozo no posaba sus ojos en los de ella, eso hizo que la embelesadora mujer perdiera el control aun siendo un demonio, sinti\u00f3 en todo su ser un calor sofocante, sudaba a chorros, miraba para todos lados con la vista perdida por la desesperaci\u00f3n de no ser deseada y asediada, el joven muy tranquilo esperaba el momento para abordarla ya que en este tiempo desde que la levant\u00f3 en el boquer\u00f3n estaba ensimismado por otras actividades que lo apremiaban.<\/span><\/p><p><span style=\"font-weight: 400;\">La mujer demonio sent\u00eda el infierno dentro de su ser, vio que frente a ella se encontraba un ventilador muy grande y poderoso de esos que avientan aire como sopla un cicl\u00f3n, no pudo m\u00e1s y se abalanz\u00f3 sobre el soplador y lo encendi\u00f3 bruscamente sin reparar que su largo pelo como cuentan que era, unos mechones; se introdujeron en el aparato \u201cavientaaire\u201d como enorme rehilete como los de esos rehiletes de los e\u00f3licos del istmo que generan energ\u00eda el\u00e9ctrica, entonces; el aparato jal\u00f3 todo su largo y negro pelo hasta ahorcarla.<\/span><\/p><p><span style=\"font-weight: 400;\">El mozo desesperado quiso ayudarla, pero el cabello fuerte y abundante de la matlalzihuatl, se amarr\u00f3 en las aspas y tap\u00f3 hasta el tablero del control del encendido y apagado del ventilador. La matlalzihuatl con el intempestivo jal\u00f3n de las aspas del grande ventilador, perdi\u00f3 su fuerza descomunal que por m\u00e1s que retorc\u00eda su exuberante cuerpo queriendo zafarse, salieron desde dentro de su ser fuertes y demon\u00edacos gritos que se escucharon como un fuerte bramido de una res que le fue clavado el filoso punz\u00f3n en su cerebro, azot\u00f3 su bello cuerpo inerte en el piso, de inmediato, estir\u00f3 las piernas y los brazos, su cuello qued\u00f3 torcido, su larga lengua negra sali\u00f3 de su boca que comenz\u00f3 a descomponer su bella figura, ya estaba sin vida, la matlalzihuatl ya estaba completamente muerta. Los perros de las casas aleda\u00f1as comenzaron a aullar de miedo, las gallinas de los vecinos intentaron subirse a la enramada y a los \u00e1rboles porque comenz\u00f3 a oscurecer el d\u00eda, pero no pudieron porque tambi\u00e9n como la mujer del pelo de azabache les temblaron y solo cacaraqueaban llenas de terror.\u00a0<\/span><\/p><p><span style=\"font-weight: 400;\">La matlalzihuatl se olvid\u00f3 que era una mujer demonio, una mujer de grandes poderes m\u00e1gicos que encantaba a cualquiera que la viera, as\u00ed con esos poderes endemoniados jalaba como un im\u00e1n a los varones apuestos, se le olvid\u00f3 en utilizar precisamente esos poderes para apagar el aparato que echaba aire y que tambi\u00e9n se apag\u00f3 al expirar la bella dama.\u00a0<\/span><\/p><p><span style=\"font-weight: 400;\">El lugar qued\u00f3 en medio de un silencio sepulcral y el joven perdi\u00f3 por un instante la raz\u00f3n al ver el cuerpo inerte de su atractiva enamorada.<\/span><b>\u00a0<\/b><\/p><p><span style=\"font-weight: 400;\">Se mandaron tocar de inmediato los &#8220;dobles&#8221; en las sonoras y grandes campanas del viejo templo cat\u00f3lico dominico para ahuyentar del pueblo los esp\u00edritus malignos de la mujer inerte, como de costumbre se hace para anunciar la muerte de una persona adulta, los vecinos llevaron astorake <\/span><b>(copal)<\/b><span style=\"font-weight: 400;\">, el poderoso incienso que con su indescriptible aroma cuentan que tambi\u00e9n hace que los seres de otros mundos regresen a la oscuridad, as\u00ed como tambi\u00e9n encendieron muchas velas de cera virgen de las benditas abejas del campo y rezaron las rezanderas cantos y letan\u00edas las que ofrecen para los muertos, inexplicablemente; la mujer se desvaneciendo su bello cuerpo para derretirse pero antes; al ir desapareciendo, se volv\u00eda una figura horripilante que los que vieron esa metamorfosis, unos, se desmayaron otros, perdieron moment\u00e1neamente el juicio y los otros, contemplaron hasta el \u00faltimo momento con horror la casi desaparici\u00f3n de la mujer demonio porque de todo su cuerpo, s\u00f3lo quedaron los pelos negros azabache escurridos en el piso de tierra\u00a0<\/span><\/p><p><span style=\"font-weight: 400;\">Sepultaron pues ayer en el pueblo, lo que qued\u00f3 del cuerpo de la guapa mujer demoniaca y legendaria\u00a0 llamada la <\/span><i><span style=\"font-weight: 400;\">Matlalzihuatl<\/span><\/i><span style=\"font-weight: 400;\">.<\/span><\/p><p><span style=\"font-weight: 400;\">A partir de hoy ya no contar\u00e1n esta leyenda en la que esta mujer atrapaba en alg\u00fan lugar a los hombres haci\u00e9ndose pasar como su novia pues el poder del brujo de los chontales m\u00edsticos acabaron con la hermosa mujer del pelo largo que seduc\u00eda a los hombres.<\/span><\/p><p><span style=\"font-weight: 400;\">Descanse en paz la Matlalzihuatl.<\/span><\/p><p><span style=\"font-weight: 400;\">Matlalzihuatl en lengua N\u00e1huatl o Mexica.<\/span><\/p><p><span style=\"font-weight: 400;\">Matlal (red-atrapa), Zihuatl\u00a0 (mujer) <\/span><span style=\"font-weight: 400;\">= Mujer que atrapa<\/span>.<\/p>\t\t\t\t\t\t\t\t<\/div>\n\t\t\t\t<\/div>\n\t\t\t\t<div class=\"elementor-element elementor-element-66bb6579 jltma-glass-effect-no elementor-widget elementor-widget-spacer\" data-id=\"66bb6579\" data-element_type=\"widget\" data-widget_type=\"spacer.default\">\n\t\t\t\t<div class=\"elementor-widget-container\">\n\t\t\t\t\t\t\t<div class=\"elementor-spacer\">\n\t\t\t<div class=\"elementor-spacer-inner\"><\/div>\n\t\t<\/div>\n\t\t\t\t\t\t<\/div>\n\t\t\t\t<\/div>\n\t\t\t\t\t<\/div>\n\t\t<\/div>\n\t\t\t\t\t<\/div>\n\t\t<\/section>\n\t\t\t\t<\/div>\n\t\t","protected":false},"excerpt":{"rendered":"<p>LA LEYENDA DE LA MATLALZIHUATL (Cuento fant\u00e1stico) Cuentan aqu\u00ed en el pueblo que una hermosa mujer lleg\u00f3 a Huamelula, vino detr\u00e1s de un apuesto joven nativo de este legendario lugar, pretendi\u00f3 hacerlo cautivo con su embriagadora belleza, despu\u00e9s de poseerlo, lo hizo que perdiera su voluntad para llevarlo hacia su mundo como ha sucedido en [&hellip;]<\/p>\n","protected":false},"author":1,"featured_media":0,"parent":0,"menu_order":0,"comment_status":"closed","ping_status":"closed","template":"","meta":{"site-sidebar-layout":"no-sidebar","site-content-layout":"page-builder","ast-site-content-layout":"default","site-content-style":"default","site-sidebar-style":"default","ast-global-header-display":"","ast-banner-title-visibility":"","ast-main-header-display":"","ast-hfb-above-header-display":"","ast-hfb-below-header-display":"","ast-hfb-mobile-header-display":"","site-post-title":"disabled","ast-breadcrumbs-content":"","ast-featured-img":"disabled","footer-sml-layout":"","theme-transparent-header-meta":"","adv-header-id-meta":"","stick-header-meta":"","header-above-stick-meta":"","header-main-stick-meta":"","header-below-stick-meta":"","astra-migrate-meta-layouts":"default","ast-page-background-enabled":"default","ast-page-background-meta":{"desktop":{"background-color":"var(--ast-global-color-4)","background-image":"","background-repeat":"repeat","background-position":"center center","background-size":"auto","background-attachment":"scroll","background-type":"","background-media":"","overlay-type":"","overlay-color":"","overlay-opacity":"","overlay-gradient":""},"tablet":{"background-color":"","background-image":"","background-repeat":"repeat","background-position":"center center","background-size":"auto","background-attachment":"scroll","background-type":"","background-media":"","overlay-type":"","overlay-color":"","overlay-opacity":"","overlay-gradient":""},"mobile":{"background-color":"","background-image":"","background-repeat":"repeat","background-position":"center center","background-size":"auto","background-attachment":"scroll","background-type":"","background-media":"","overlay-type":"","overlay-color":"","overlay-opacity":"","overlay-gradient":""}},"ast-content-background-meta":{"desktop":{"background-color":"var(--ast-global-color-5)","background-image":"","background-repeat":"repeat","background-position":"center center","background-size":"auto","background-attachment":"scroll","background-type":"","background-media":"","overlay-type":"","overlay-color":"","overlay-opacity":"","overlay-gradient":""},"tablet":{"background-color":"var(--ast-global-color-5)","background-image":"","background-repeat":"repeat","background-position":"center center","background-size":"auto","background-attachment":"scroll","background-type":"","background-media":"","overlay-type":"","overlay-color":"","overlay-opacity":"","overlay-gradient":""},"mobile":{"background-color":"var(--ast-global-color-5)","background-image":"","background-repeat":"repeat","background-position":"center center","background-size":"auto","background-attachment":"scroll","background-type":"","background-media":"","overlay-type":"","overlay-color":"","overlay-opacity":"","overlay-gradient":""}},"footnotes":""},"class_list":["post-496","page","type-page","status-publish","hentry"],"_links":{"self":[{"href":"https:\/\/jaimezarate.com\/index.php\/wp-json\/wp\/v2\/pages\/496","targetHints":{"allow":["GET"]}}],"collection":[{"href":"https:\/\/jaimezarate.com\/index.php\/wp-json\/wp\/v2\/pages"}],"about":[{"href":"https:\/\/jaimezarate.com\/index.php\/wp-json\/wp\/v2\/types\/page"}],"author":[{"embeddable":true,"href":"https:\/\/jaimezarate.com\/index.php\/wp-json\/wp\/v2\/users\/1"}],"replies":[{"embeddable":true,"href":"https:\/\/jaimezarate.com\/index.php\/wp-json\/wp\/v2\/comments?post=496"}],"version-history":[{"count":16,"href":"https:\/\/jaimezarate.com\/index.php\/wp-json\/wp\/v2\/pages\/496\/revisions"}],"predecessor-version":[{"id":859,"href":"https:\/\/jaimezarate.com\/index.php\/wp-json\/wp\/v2\/pages\/496\/revisions\/859"}],"wp:attachment":[{"href":"https:\/\/jaimezarate.com\/index.php\/wp-json\/wp\/v2\/media?parent=496"}],"curies":[{"name":"wp","href":"https:\/\/api.w.org\/{rel}","templated":true}]}}